)/10 + 10241/55?
8
Suppose -v + 0 = 3. Let l = v - -2. Let w = l - -9. What is the units digit of w?
8
Let a = -126 - -200. What is the tens digit of a?
7
Let x(b) = 43*b - 81. What is the hundreds digit of x(6)?
1
Let q be (12/8)/((-3)/(-32)). Let j = q - 5. Suppose i + 3*a = j, -3*i + 5*i - 17 = -a. What is the units digit of i?
8
Let h = -6 - -7. Let a be h - (-3)/(2 - 1). Suppose a = b + 2. What is the units digit of b?
2
Suppose -4*q - 4*g - 12 = 0, q + 4*g - 3 = 2*q. Let t = 5 + q. Suppose -t*f + 33 = f. What is the tens digit of f?
1
Let w = -8 + 6. Let u = 21 + w. What is the units digit of u?
9
Let t(d) = 2*d**2 - 2*d**2 - 3*d**2 + 8*d + 2*d**2 + 4. Let o be t(5). Suppose 2*n + 3 = -j + 20, j - o = -3*n. What is the tens digit of j?
1
Suppose a = -5*o + 8, -o - 2*o - 12 = 2*a. What is the units digit of (-96)/(a/3) - -1?
5
Suppose -2*q + 6 = 5*u - 2, -4*q + 26 = 5*u. What is the units digit of q?
9
Suppose -222 = -4*z + 126. Suppose -2*i - i = z. Let v = -21 - i. What is the units digit of v?
8
Suppose -c + 11 = -39. What is the units digit of c?
0
Let p(i) be the third derivative of 1/3*i**3 + 1/24*i**4 + 0*i + 2*i**2 + 0. What is the units digit of p(0)?
2
Let s(a) = -a**2 - 10*a - 3. Let u be -9*(-3)/18*-4. What is the units digit of s(u)?
1
What is the units digit of ((-42)/(-9))/((-4)/(-6))?
7
Suppose -5*a = -11 - 9. Suppose -5*s = -4*f - 1 - 28, a*s - f = 21. What is the units digit of s/(0 - -1 - 0)?
5
Let t(a) be the second derivative of -a**4/12 - a**3 + 3*a**2 + 2*a. Let b be t(-5). Suppose w = -4*k + b + 1, -53 = -3*w + 5*k. What is the units digit of w?
6
Suppose 23 = -0*p + p. What is the tens digit of p?
2
Suppose 0 = 4*i + 2 + 6, -5*i - 6 = 2*g. Let o = g - 3. Let x(d) = -d. What is the units digit of x(o)?
1
Let h(m) = 16*m - 11. What is the tens digit of h(3)?
3
Suppose -7 = 5*k + 3. Let a be 2/(-1) - -1 - -1. What is the units digit of a/(-2) + 4 + k?
2
Suppose 2*t + t - 53 = 4*s, 2*s + 64 = 4*t. What is the tens digit of t?
1
Let s = -782 - -1137. What is the tens digit of s?
5
Let o be -2*(-5 + 2) + -2. Suppose -o*q = -68 + 4. What is the tens digit of q?
1
Suppose -42*n + 43*n = 51. What is the units digit of n?
1
Let d(t) = 5*t**2 - t - 1. Suppose 2*u - 1 = -7. Let a be 4/(1 - -1) + u. What is the units digit of d(a)?
5
Suppose 0 = -4*q + 5*q - 13. Let r(b) = -b**3 - 2*b**2 + 4*b + 2. Let k be r(-3). What is the units digit of (-2 + 0 - q)/k?
5
Suppose 0*u - 4*k + 24 = 2*u, 3*u - 36 = -5*k. What is the tens digit of u?
1
Let d be 0/((2 - 3)*1). Suppose -2*a + 4*h - 12 = d, -4*a + 5*h - h = 4. What is the units digit of a?
4
Suppose 0 = -3*h - 3 + 6, 3*c - 2 = h. Let t be 0/(c*1*-2). Suppose -4*j + 0*j + 16 = t. What is the units digit of j?
4
Let t(v) = -2*v - 1. Let o be t(1). Let z(g) = -10*g - 1. What is the units digit of z(o)?
9
Let w = 279 - 174. What is the hundreds digit of w?
1
Suppose -2 = -2*v - 0. What is the tens digit of (0/v)/(-3) + 26?
2
Suppose 3*g = 5*i + 24, 2*g + 0*i - i = 9. Suppose 0*l - 72 = -g*l. What is the tens digit of l?
2
Suppose -z + 7 - 28 = 3*g, 0 = -5*z + g - 89. Let c = -10 - z. What is the units digit of c?
8
Let q(g) = -g - 4. What is the units digit of q(-22)?
8
Suppose 4 - 3 = -x. What is the units digit of (-1 + (-14 - -2))/x?
3
Let n(x) = -x**3 + 10*x**2 - 10*x + 10. Let p = -12 + 21. What is the units digit of n(p)?
1
Suppose -4*p + 5 = -3*h, -2*p = -4*h - 0*h - 10. What is the units digit of 2/1 - (p - -2)?
1
Suppose 2*r - 5 = 3. Suppose -5 = 5*o + z, -r*z + 1 = 2*o - 3*z. What is the units digit of o + 2/1 + 3?
3
Suppose 115 = a + w, 0*w - 2*w = -a + 118. What is the hundreds digit of a?
1
Suppose 0 = 8*p - 13*p + 390. What is the units digit of p?
8
Let d be 16*(3/(-6) - 0). What is the units digit of (-12)/16 - 350/d?
3
Suppose u + 2*m - 17 = -2*u, m = 4*u - 30. Suppose -5*g + i = 16, -5*i - 7 = 4*g - 0. Let h = u + g. What is the units digit of h?
4
Let p(l) = -4*l + 4. Let y be p(-2). What is the units digit of (y/(-10))/((-3)/15)?
6
Suppose -3*v + 295 = 4*t, 0*v = 4*v + 3*t - 405. Suppose 2*f - v = -3*r - 2*r, 34 = r + 3*f. What is the tens digit of r?
1
Suppose -5 - 4 = -3*m. Suppose 4*j - 5 = m. What is the units digit of j?
2
Let j be (0 - -32) + 0/(-1). Suppose 2*f = -p + 22, -p - j = -4*f - 0*p. Suppose -f = -3*k - 0*k. What is the units digit of k?
3
Let d be (-3)/15 - (-21)/5. Suppose 5*z + j - 161 = 0, -3*j + 60 = -d*z + 185. What is the units digit of z?
2
Suppose y - 4*u = -20, 2*y + 2*u = y + 10. Suppose -d + 0 + 1 = y. What is the units digit of d + (0 + 4 - 2)?
3
Let r be (-15)/6*1*2. Let v = r + 5. Suppose 2*s + v = i - 2, 4*i + s - 35 = 0. What is the units digit of i?
8
Suppose 4*d + d = 5*h + 170, 2*d + 5*h = 103. What is the units digit of d?
9
Let a(s) = 122*s**3 + 2*s - 1. Let v be a(1). Let w = v + -83. What is the units digit of w?
0
Suppose 0 = 5*r - 2*i + 6, 0*r - 2*i + 6 = 3*r. What is the units digit of 2 - r - 4 - -13?
1
Let y(w) = 3*w + 5. What is the units digit of y(7)?
6
Suppose -z - f + 2 = 0, 0 = 2*z + 2*z - 5*f + 10. Suppose z*l = 4*l. What is the units digit of (-1)/(2/(-6)) - l?
3
Let w be 1*0/(2 - -1). What is the units digit of w - (-12)/8*2?
3
Suppose -b = 3, 0*b - 3*b + 19 = -4*t. Let y(u) = -11*u + 41. Let f(k) = -2*k + 7. Let d(m) = 34*f(m) - 6*y(m). What is the units digit of d(t)?
6
Let i(a) = 4*a**2 + 15*a - 6. Let q(v) = 5*v**2 + 16*v - 6. Let s(d) = 6*i(d) - 5*q(d). What is the units digit of s(7)?
5
Suppose -3*x - 3*v + 8*v = 0, 4*v = 5*x. What is the units digit of x - 3*(0 + -2)?
6
What is the tens digit of 4/6*387/6?
4
Let x(m) = 8*m - 1. Let a be x(1). Suppose 9*f = 6*f - 15. Let p = a + f. What is the units digit of p?
2
What is the tens digit of 1/(-6) - 1363/(-6)?
2
Suppose -3*z + 6*z - 5*j - 62 = 0, 4*j + 2 = -z. What is the tens digit of z?
1
Let j(f) = -f**3 - 7*f**2 - 3*f - 5. Let m be j(-7). Suppose -v = 3*y - 10, 6 = -y + v + m. What is the units digit of y?
5
What is the hundreds digit of (132/176)/(((-3)/392)/(-3))?
2
Let z(t) = t**3 + 7*t**2 + 6*t. Let i be (3 + -2)/(2/(-10)). What is the units digit of z(i)?
0
Let u be (-3)/(3/(-8)) - 3. Suppose -r - 3*r - 11 = -u*n, 0 = -n - 5*r + 8. Suppose 4*t - 5 = -l + 2, -n*t = 2*l - 9. What is the units digit of t?
1
Suppose j + 4 = -3*j, 4*j + 24 = 4*q. Suppose -66 = -3*d + 3*g, q*g - 54 = -3*d + 20. What is the tens digit of d?
2
Let v = 136 - -146. What is the units digit of v?
2
Let v(g) = -g**3 - 6*g**2 - 2*g - 5. Let z be (2 + (-3 - -4))*-2. What is the units digit of v(z)?
7
Suppose -115 = 5*h - 660. What is the tens digit of h?
0
Suppose -209 = -6*q + 133. What is the tens digit of q?
5
Let w = 1 - -1. Suppose -w*b = 3*b - 95. What is the tens digit of b?
1
What is the hundreds digit of (14050/150)/(-2*(-1)/6)?
2
Let r be 3/2 + 1/2. Let k(x) = 3 + 13 + 15*x**r + x - 16*x**2 + x**3. What is the units digit of k(0)?
6
Let i(o) be the first derivative of 5*o**3/3 - o**2/2 - o - 2. Let u be i(-1). Suppose 4*q - u = -1. What is the units digit of q?
1
Suppose -6*w + 2*w - 12 = 0. What is the units digit of w - 6*(0 - 2)?
9
Let d = -121 - -178. Suppose 17 - d = -5*u. Suppose u*m = 3*m + 25. What is the units digit of m?
5
Let d(w) = 3*w**2 + 13*w - 3. What is the units digit of d(-6)?
7
Let i be 1 - 22/(-4)*6. Let p = i - 12. Suppose -2*h - 3*h + 25 = -2*k, -h - 5*k - p = 0. What is the units digit of h?
3
Suppose -3*q = 1 + 5. Let p(o) = -o**3 + 2*o**2 + 3*o. Let v be p(q). Let i = -7 + v. What is the units digit of i?
3
Suppose -3 = -t + 3*b - 2, -3*b = 3. Let r be (-1)/t - (-51)/(-6). Let z = -6 - r. What is the units digit of z?
2
Suppose 61 = -4*n - 31. Let d = 53 + n. Let j = d + -20. What is the units digit of j?
0
Let h be 3/4*(4 + 0). Suppose -h*a + 5*f - 19 = -0, -f = -4*a + 3. Let x(k) = k**3 + 3*k**2 - 4*k + 3. What is the units digit of x(a)?
5
Suppose -4*f + 3*r + 14 = 0, -1 = -f + 4*r - 2*r. Suppose 5*d - f = 4*d. Suppose -3*q - 2 = -3*i - d, i + 3*q = 11. What is the units digit of i?
2
Suppose 0 = -2*b + 3*b + 4*v + 12, -4*v = -3*b + 28. Suppose 13 = -b*h + 5. What is the units digit of h*(0 - (-22)/(-4))?
1
Let s(w) = -2*w - 3 + w + 1. Let r(t) = -2*t**3 + 2*t**2 + t - 1. Let q be r(2). What is the units digit of s(q)?
5
Let v(c) = -c**3